by 185.
28
Calculate the remainder when 2716 is divided by 611.
272
What is the remainder when 58238 is divided by 11626?
108
What is the remainder when 3489 is divided by 3436?
53
Calculate the remainder when 91518 is divided by 10.
8
Calculate the remainder when 34767 is divided by 53.
52
What is the remainder when 113408 is divided by 893?
890
Calculate the remainder when 585 is divided by 285.
15
Calculate the remainder when 3047 is divided by 1014.
5
What is the remainder when 7048 is divided by 25?
23
What is the remainder when 25530 is divided by 12763?
4
Calculate the remainder when 11997 is divided by 40.
37
Calculate the remainder when 11375 is divided by 31.
29
What is the remainder when 13797 is divided by 13724?
73
What is the remainder when 14045 is divided by 911?
380
Calculate the remainder when 32319 is divided by 16151.
17
Calculate the remainder when 106207 is divided by 501.
496
What is the remainder when 3125 is divided by 258?
29
Calculate the remainder when 157298 is divided by 220.
218
Calculate the remainder when 5299 is divided by 43.
10
Calculate the remainder when 6387 is divided by 16.
3
What is the remainder when 111074 is divided by 2269?
2162
What is the remainder when 1552 is divided by 841?
711
What is the remainder when 214418 is divided by 284?
282
What is the remainder when 116453 is divided by 31?
17
What is the remainder when 76354 is divided by 509?
4
What is the remainder when 184275 is divided by 13162?
7
Calculate the remainder when 384 is divided by 192.
0
Calculate the remainder when 47033 is divided by 115.
113
What is the remainder when 64 is divided by 26?
12
What is the remainder when 26723 is divided by 30?
23
Calculate the remainder when 144154 is divided by 10290.
94
Calculate the remainder when 72824 is divided by 12127.
62
What is the remainder when 90971 is divided by 1820?
1791
What is the remainder when 819 is divided by 398?
23
Calculate the remainder when 26028 is divided by 299.
15
What is the remainder when 13312 is divided by 70?
12
What is the remainder when 1112 is divided by 872?
240
What is the remainder when 3158 is divided by 379?
126
Calculate the remainder when 2031 is divided by 831.
369
Calculate the remainder when 9402 is divided by 68.
18
Calculate the remainder when 21775 is divided by 606.
565
What is the remainder when 3535 is divided by 1175?
10
What is the remainder when 1420 is divided by 476?
468
Calculate the remainder when 1099029 is divided by 46.
43
What is the remainder when 2449 is divided by 19?
17
What is the remainder when 2405999 is divided by 400?
399
Calculate the remainder when 4062 is divided by 2728.
1334
What is the remainder when 7351 is divided by 10?
1
Calculate the remainder when 19789 is divided by 320.
269
Calculate the remainder when 3475 is divided by 268.
259
What is the remainder when 410077 is divided by 40?
37
What is the remainder when 1016 is divided by 79?
68
Calculate the remainder when 17616 is divided by 17612.
4
What is the remainder when 12972 is divided by 2?
0
Calculate the remainder when 2241114 is divided by 21.
15
What is the remainder when 1140 is divided by 93?
24
Calculate the remainder when 3935 is divided by 141.
128
What is the remainder when 703530 is divided by 234503?
21
What is the remainder when 664 is divided by 85?
69
What is the remainder when 5917 is divided by 2950?
17
What is the remainder when 226942 is divided by 107?
102
What is the remainder when 637098 is divided by 314?
306
What is the remainder when 210636 is divided by 393?
381
Calculate the remainder when 11122 is divided by 1848.
34
Calculate the remainder when 1454 is divided by 640.
174
Calculate the remainder when 734909 is divided by 387.
383
Calculate the remainder when 195359 is divided by 27907.
10
What is the remainder when 12287 is divided by 65?
2
What is the remainder when 1706 is divided by 198?
122
Calculate the remainder when 19759 is divided by 688.
495
Calculate the remainder when 832071 is divided by 118865.
16
Calculate the remainder when 6350 is divided by 11.
3
What is the remainder when 21958 is divided by 298?
204
What is the remainder when 443883 is divided by 191?
190
Calculate the remainder when 189394 is divided by 3507.
16
Calculate the remainder when 994325 is divided by 1068.
17
What is the remainder when 11825 is divided by 11347?
478
Calculate the remainder when 9800 is divided by 4.
0
What is the remainder when 21247 is divided by 354?
7
Calculate the remainder when 24764 is divided by 49.
19
What is the remainder when 81685 is divided by 3?
1
What is the remainder when 2238619 is divided by 1730?
1729
What is the remainder when 55350 is divided by 18446?
12
What is the remainder when 5322 is divided by 1285?
182
Calculate the remainder when 388751 is divided by 312.
311
Calculate the remainder when 2004 is divided by 84.
72
Calculate the remainder when 7833 is divided by 7814.
19
What is the remainder when 155477 is divided by 51808?
53
Calculate the remainder when 1125 is divided by 231.
201
Calculate the remainder when 21641 is divided by 1202.
5
Calculate the remainder when 22709 is divided by 161.
8
What is the remainder when 5455 is divided by 113?
31
Calculate the remainder when 15908 is divided by 5302.
2
Calculate the remainder when 169850 is divided by 161.
156
What is the remainder when 44517 is divided by 1389?
69
What is the remainder when 335 is divided by 51?
29
Calculate the remainder when 4981 is divided by 279.
238
Calculate the remainder when 17964 is divided by 5.
4
What is the remainder when 104055 is divided by 430?
425
What is the remainder when 1439223 is divided by 65?
58
What is the remainder when 20562 is divided by 261?
204
What is the remainder when 251 is divided by 56?
27
Calculate the remainder when 3422 is divided by 93.
74
Calculate the remainder when 998 is divided by 253.
239
Calculate the remainder when 7702 is divided by 2566.
4
What is the remainder when 7495 is divided by 492?
115
What is the remainder when 21988 is divided by 1097?
48
Calculate the remainder when 99498 is divided by 61.
7
Calculate the remainder when 107937 is divided by 78.
63
Calculate the remainder when 160582 is divided by 26761.
16
What is the remainder when 173135 is divided by 43278?
23
Calculate the remainder when 6457408 is divided by 223.
220
What is the remainder when 1005 is divided by 284?
153
Calculate the remainder when 208261 is divided by 82.
63
Calculate the remainder when 2336 is divided by 2306.
30
What is the remainder when 49259 is divided by 46?
39
Calculate the remainder when 537 is divided by 27.
24
Calculate the remainder when 38625 is divided by 31.
30
Calculate the remainder when 18355 is divided by 107.
58
Calculate the remainder when 635711 is divided by 94.
83
What is the remainder when 3704 is divided by 503?
183
Calculate the remainder when 73134 is divided by 178.
154
Calculate the remainder when 28967 is divided by 688.
71
Calculate the remainder when 8545 is divided by 20.
5
What is the remainder when 222248 is divided by 6006?
26
Calculate the remainder when 4424 is divided by 1318.
470
Calculate the remainder when 3122 is divided by 756.
98
Calculate the remainder when 232644 is divided by 23.
22
Calculate the remainder when 103368 is divided by 51681.
6
What is the remainder when 389 is divided by 265?
124
What is the remainder when 529631 is divided by 255?
251
What is the remainder when 122496 is divided by 5833?
3
Calculate the remainder when 10572 is divided by 280.
212
What is the remainder when 6537 is divided by 736?
649
Calculate the remainder when 1725 is divided by 1203.
522
What is the remainder when 13733 is divided by 41?
39
Calculate the remainder when 30455 is divided by 335.
305
What is the remainder when 19199 is divided by 115?
109
Calculate the remainder when 2114 is divided by 262.
18
What is the remainder when 1753 is divided by 463?
364
Calculate the remainder when 53477 is divided by 145.
117
Calculate the remainder when 263698 is divided by 158.
154
Calculate the remainder when 27209 is divided by 2087.
78
Calculate the remainder when 60751 is divided by 270.
1
What is the remainder when 67000 is divided by 196?
164
Calculate the remainder wh